the prime factors of q.
2, 37, 137
Suppose 3*m - 30492 = -15*m. List the prime factors of 42/(m/2590 - (-6)/(-10)).
3, 7, 37
Suppose 54 = n - 27. Let i = n + -93. Let h = i - -137. What are the prime factors of h?
5
Suppose -5910 = 31*w - 36073. Let d = 1254 - w. List the prime factors of d.
281
Let w(f) = -1337*f + 805. List the prime factors of w(-33).
2, 7, 3209
Let u(p) = p**2 + 202*p - 9459. List the prime factors of u(137).
2, 3, 23, 67
Let l = -8 + -7. Let f = l - -23. Let k = 22 + f. List the prime factors of k.
2, 3, 5
Let u = -77 + 79. Let l be (9 - -19)/(1/u). Suppose 5*a - 9*a = -l. What are the prime factors of a?
2, 7
Suppose 3*t - 2*r - 40 = 0, 3*r - 79 = -3*t - 19. Let c be 0*(t - 17)/(-1 - -2). Suppose 0 = -c*s + s + 3*w - 189, -s - w = -193. List the prime factors of s.
3, 5, 13
Let g(i) = -7*i - 56. Let o be g(-8). Suppose 12*d - 8107 + 259 = o. What are the prime factors of d?
2, 3, 109
Suppose -2*v + 128 = 34. Let x = -45 + v. Suppose -2*q + 4*k = 16, 6*q - 20 = q - x*k. What are the prime factors of q?
2
Suppose 13*u = 2*u + 44. Suppose 4*m + 9 = 5, -834 = -u*x - 2*m. List the prime factors of x.
11, 19
Let x be (-494)/(-10) + (7/(-5) - -1). Let v be (-7)/x + 591/21. Suppose -3*j + 56 = -5*h, 0 = -j - 3*j - 5*h + v. What are the prime factors of j?
2, 3
Suppose 8*f - 39 - 71521 = 0. What are the prime factors of f?
5, 1789
Let h = -38 + 40. Suppose 4*u + 5*j = 75, 0*j + h*j = -2. Suppose u = 5*i, 0*z + 2*z - 218 = 4*i. What are the prime factors of z?
3, 13
Suppose l = c + 42287, 4*c = -3*l + 6*c + 126857. What are the prime factors of l?
42283
Let c(r) = 59*r**2 + r + 1. Let o(q) = -q - 12. Let k be o(-15). Suppose -2*s = 2*j + 6, s - k*s - 2 = -2*j. What are the prime factors of c(j)?
59
Let y = -671 - -671. Suppose -3*n + 5*n - 2524 = -4*u, -n - 3*u + 1262 = y. List the prime factors of n.
2, 631
Let i(c) = 2*c + 266. Let o be i(11). What are the prime factors of o/(-108)*(1 - 52)?
2, 17
Let j(i) = -7*i - 57. Let g be j(9). Let z = -53 - g. What are the prime factors of z?
67
Let y(m) = 6718*m - 87. List the prime factors of y(2).
7, 1907
Suppose 4258 + 29888 = 18*r. Let t = r + -1148. List the prime factors of t.
7, 107
Let w = 94911 + -53060. List the prime factors of w.
41851
Suppose f - 290 = -132*y + 128*y, 5*f + y - 1412 = 0. What are the prime factors of f?
2, 3, 47
Suppose -6 = 3*m, 2*n + 0*m - 5*m - 190 = 0. Suppose -87*l = -n*l - 66. Let d = l - -144. What are the prime factors of d?
2, 61
Suppose 4*j = -5*v - 4, 0 = 2*v + 50 - 42. Suppose -j*r + 319 = k, k - 5*r + r - 295 = 0. What are the prime factors of k?
307
Let l = 52882 + -22138. List the prime factors of l.
2, 3, 7, 61
Suppose -16*s = -4*x - 14*s, 3*s = -12. List the prime factors of 31 + -30 + 8/x - -393.
2, 3, 5, 13
Let c(t) = -20*t + 940. Let r(z) = -13*z + 627. Let a(f) = 5*c(f) - 7*r(f). List the prime factors of a(8).
239
Suppose 2*c = 2*g - 0*c + 136, 0 = -2*g - 2*c - 140. Suppose -673 + 9 = -4*a. Let k = a + g. List the prime factors of k.
97
Let c be (2057/242)/(1 - (-2)/(-4)). Let b(g) = 43*g - 48. List the prime factors of b(c).
683
Let i = 108 - 105. Suppose d - i*k = 5*d - 1592, -3*d = -4*k - 1169. List the prime factors of d.
5, 79
Let j = 59125 - 29340. Suppose -45*t + 28580 = -j. What are the prime factors of t?
1297
Let t(b) = -77*b + 83. Suppose q - 22 = 4*l, 2*l + 3*q + 18 = -0*q. List the prime factors of t(l).
5, 109
List the prime factors of ((-11846)/17)/((-594)/5049).
5923
Suppose -6112 + 12693 + 75835 = 4*q. List the prime factors of q.
2, 3, 17, 101
Let x(q) = q**2 + 3*q. Let r(m) = -9*m - 2. Let v be r(3). Let z = -25 - v. List the prime factors of x(z).
2, 7
Let j(l) = -l**3 - 4*l**2 - 2*l. Let x be j(-4). Suppose 0 = -6*f - x + 32. What are the prime factors of f - -62*12/8?
97
Suppose p = 92*n - 96*n + 56881, -2*p = 2*n - 28442. What are the prime factors of n?
2, 3, 5, 79
Suppose 24*c + 12 = 25*c. Let l(y) = -2*y**3 + 23*y**2 - 4*y + 11. Let u be l(c). Let m = 330 + u. List the prime factors of m.
149
Let x be (-2)/3*58*(-72)/32. Suppose 30 + x = 3*m. Suppose 276 = 3*i - m. List the prime factors of i.
3, 5, 7
Let m(j) = j**2 - 14*j + 49. Let d be m(7). Let l(s) = -86*s - 2. Let g be l(-2). Suppose d = -3*k + k + g. What are the prime factors of k?
5, 17
Let q = 53 - 35. Let o = 9087 - 9071. List the prime factors of (88/12)/(o/12)*q.
3, 11
Suppose -37*m = -312*m + 1541730 + 2488670. What are the prime factors of m?
2, 229
List the prime factors of 3686/(-190)*((-89621)/91 + 2/(-13)).
97, 197
Suppose -4922992 + 964422 = -265*l. List the prime factors of l.
2, 7, 11, 97
List the prime factors of (3*(-3)/(-36))/((12/(-3))/(-318112)).
2, 9941
Let w(o) = o**3 - 15*o**2 - 15*o - 13. Let p be w(16). Let d(x) = -54*x**2 + p + 26*x**2 + 3*x + 29*x**2. List the prime factors of d(-13).
7, 19
Suppose -82*q + 4152 = -74*q. What are the prime factors of q?
3, 173
Suppose 3 = 21*p - 20*p. Suppose -p*u + 2 = -4. Suppose u*c - 13*d = -11*d + 304, -792 = -5*c - 3*d. What are the prime factors of c?
2, 3, 13
Suppose 2*g + 5167 = -3*g + h, -2*g - 4*h - 2058 = 0. List the prime factors of 14/(-12) + 1 - g/6.
2, 43
List the prime factors of (1/(-1))/(626197/52184 - 12) - 6.
2, 23, 103
Suppose -4*t - 96 = -6*t. Let i be (t/216)/((-2)/(-18)). Suppose i*y - 189 = k, 2*y + 393 = 6*y + 3*k. What are the prime factors of y?
2, 3
Suppose 7*f + 6 = 10*f. Suppose 3*v - 5*v = f*v. Suppose v = 7*i - 491 - 34. List the prime factors of i.
3, 5
Suppose 0*w - 3 = -w. Suppose -w*o = 3*u - 21, 0 + 4 = -4*o + 4*u. Suppose o*p = 6*p - 177. List the prime factors of p.
59
Let t = -101 - -104. Suppose -t*j = -9, -n - j = -0*n + 101. What are the prime factors of (-19227)/n + (-2)/(-16)?
5, 37
Let w be 14 + (1 - 3) - 4. Let c(f) = -f + 16. Let r be c(w). List the prime factors of 2/r - (-79)/4.
2, 5
Suppose 5*a = -2*p + 14, -4*a + 5*a = p. Suppose -604 = -n - p*x, 5*n + x = 2*x + 3053. List the prime factors of n.
2, 5, 61
Suppose -12*c + 17*c - 30 = 0. Let t be 15/c*(-4)/5*194. Let b = 590 + t. List the prime factors of b.
2, 101
Let m = 260 + -242. Suppose -14*v - m = -88. What are the prime factors of v?
5
Let o(w) = -22*w + 5*w**2 + 8*w + 17*w - 8. What are the prime factors of o(-5)?
2, 3, 17
Suppose -3*o + 4*o = 2*t + 1062, 2*t + 2*o + 1074 = 0. Let b = -68 - t. List the prime factors of b.
3, 5, 31
Let z = 26748 + -9135. List the prime factors of z.
3, 19, 103
Let r(m) = 12*m**3 + 58*m**2 + 99*m - 46. List the prime factors of r(16).
2, 3, 11, 331
List the prime factors of (-73)/(-730)*(-5)/(-4) + (-141726)/(-16).
2, 43, 103
Suppose 5 = 2*p + y + 28, 0 = p + y + 11. Let g be (-9)/p + 9/4. Let t(h) = h**2 - 2*h + 3. What are the prime factors of t(g)?
2, 3
Let j be (-1599)/3*(0 + 1). Let o = j + 333. What are the prime factors of (-2 + 1)/(5/o)?
2, 5
Let t(w) = -27*w - 24. Let c(r) = -26*r - 23. Let o(i) = -2*c(i) + 3*t(i). Let z be o(-13). Suppose -315 - z = -9*v. What are the prime factors of v?
2, 37
Let d be 2891/14 + 4/8. Suppose -19*c = -28*c + d. What are the prime factors of c?
23
Suppose 5*c = -14*c + 1938. Suppose 88*k - c*k + 9394 = 0. List the prime factors of k.
11, 61
Let r = 139 + 9. Suppose 47*n - 39*n - 12 = -2*j, 2*j = -4*n. Suppose -d = 4*t - r, -t + 156 = n*t + 3*d. What are the prime factors of t?
2, 3
Let d = 141 - 119. Let t(n) = 2*n**2 - 15*n + 5. Let s be t(10). Let f = s + d. List the prime factors of f.
7, 11
Suppose 0 = -182*z + 4784193 + 855987. What are the prime factors of z?
2, 3, 5, 1033
Let r(z) = 443*z - 2240. List the prime factors of r(26).
2, 4639
Suppose 11*c = c - 3120. Let y = 538 + c. List the prime factors of y.
2, 113
Let x be (-1 + 0/7)*1467/3. What are the prime factors of (25/15)/(-5)*x?
163
Let u(g) = -41*g**2 + 8*g + 9. Let a be u(-5). What are the prime factors of (a/(-80))/((-2)/(-10))?
2, 3, 11
Suppose 9*f + 2081 = 713. Let s = 827 + f. List the prime factors of s.
3, 5
Let g(r) = -2*r**2 - 47*r + 5. Let s be g(-23). What are the prime factors of (-1 - -25)*231/s?
2, 3, 11
Suppose 224*j - 196*j - 635908 = 0. What are the prime factors of j?
13, 1747
Let p(j) = -126*j**2 + 42. Let w(b) = -2 + 3 - 2. Let k(n) = -p(n) - 42*w(n). List the prime factors of k(1).
2, 3, 7
Let w = 13408 + -11202. What are 